80)?
2, 263
Let t(u) = u**3 - 52*u**2 + 70*u - 55. What are the prime factors of t(53)?
2, 101
Let j(f) = -1279*f**3 + 21*f**2 + 75*f + 8. List the prime factors of j(-4).
2, 3, 5, 7, 13
Suppose 69*t = 134*t - 68*t + 51480. What are the prime factors of t?
2, 3, 5, 11, 13
Suppose 33*x = -58951 + 299356. List the prime factors of x.
5, 31, 47
Suppose 3*t - 47 - 142 = 0. Suppose t = y - 0*y - 2*q, -3*q = -5*y + 315. Suppose -6*h + y = -5*h. What are the prime factors of h?
3, 7
Let x(q) = -14*q - 85. Suppose -197 = 5*n - 0*n + 4*v, 0 = -n - 5*v - 31. What are the prime factors of x(n)?
3, 163
Let c = 9881 - 6303. List the prime factors of c.
2, 1789
Let h(p) be the second derivative of 4*p**3/3 + p**2/2 + 4*p. Let u be h(-1). Let d(f) = -f**3 - 5*f**2 - 2*f + 2. What are the prime factors of d(u)?
2, 3, 19
Let d be (-2)/4*(-18)/9*1. List the prime factors of -1 + d + -16 + 347.
331
Let v = -421 + 2045. List the prime factors of v.
2, 7, 29
Let j be (566/4)/(2/4). Let s be (-1075)/(-10)*8/5. Let u = j - s. What are the prime factors of u?
3, 37
Let o = 160 + -59. Let v = o + -41. Let k = v + -17. What are the prime factors of k?
43
Let g(z) = 1 + z**2 + 112*z + 2 + 16*z**3 - 113*z. Let y be g(2). Suppose -80 = -3*w + y. List the prime factors of w.
71
Let b = 2202 - -2327. What are the prime factors of b?
7, 647
What are the prime factors of (-630156)/(-34) - (-3)/(-6)*18?
3, 5, 13, 19
Suppose -p = 2*d - 3216, 2*p + 256*d = 253*d + 6438. List the prime factors of p.
2, 3, 269
Let r be (-20)/(-90) - 68/(-18). Suppose 2*b + 2*m = 2922, -r*b + 4*m = 5*m - 5853. Suppose 10*y = 4*y + b. List the prime factors of y.
2, 61
Let t(h) = -35*h**2 + 14*h + 135. Let l be t(-6). Let i = 2229 + l. What are the prime factors of i?
2, 3, 5, 17
Let d be 154/(-33)*-15*3. Suppose -n + 3*y = -d, 2*n + n + y = 600. What are the prime factors of n?
3, 67
Let v(n) = -n + 26. Let b be v(23). Suppose 5*z + 3*y - 1615 = 0, 75 - 1015 = -b*z + 4*y. What are the prime factors of z?
2, 5
Let t(a) = 250*a**2 - 50*a + 139. List the prime factors of t(9).
127, 157
Suppose -520*s + 1036*s + 242448 = 524*s. What are the prime factors of s?
2, 3, 5051
Let n = 87 + 1. Suppose -3*h = -14*h + n. Suppose h*x = 1400 - 0. What are the prime factors of x?
5, 7
Let q(h) = -5*h - 33. Let a(y) = -y**2 - 17*y - 3. Let m(c) = c**2 + 17*c + 4. Let z(u) = 2*a(u) + 3*m(u). Let j be z(-16). List the prime factors of q(j).
17
Let q(c) = 5*c - 11. Let m be q(6). Let b(r) = -r**2 + 23*r + 26. Let j be b(m). Let y = 164 - j. List the prime factors of y.
2, 31
Let w(t) = -t**2 + 16*t - 41. Let a be w(8). Suppose 3*v - o = 527, -5*o + 142 = v - a. What are the prime factors of v?
5, 7
Suppose w = 2*w + 5. Let u(s) be the third derivative of s**5/30 - 7*s**4/12 - 7*s**3/3 - 9*s**2 + 15*s. List the prime factors of u(w).
2, 53
Let b(k) = -16*k**3 + 26*k**2 + 51. Let u(p) = 3*p**3 - 5*p**2 - 10. Let a(s) = -2*b(s) - 11*u(s). Let i be a(3). List the prime factors of 1 + 2 - i*6/(-12).
7
Let a(l) = -1933*l + 172. List the prime factors of a(-3).
7, 853
Let s = -90 - -117. Let f(p) = -p + 26*p**2 + 2 + s*p**2 + 31*p**2 - 80*p**2. List the prime factors of f(-3).
41
Let l = -472 - -1144. What are the prime factors of 6/(-8) + 14/(l/1908)?
3, 13
Suppose -3*z - 6153 = -3*m, -m + 2*z + 567 = -1482. Let d = m - 1385. List the prime factors of d.
2, 167
Suppose 16*f = 14*f + 26. Suppose f*i + 7 = s + 11*i, -3*s + i = -31. What are the prime factors of s?
11
Let u = -2809 + 2807. Let p(l) = -l - 1. Let x(t) = 20*t + 14. Let z(m) = -6*p(m) - x(m). What are the prime factors of z(u)?
2, 5
Let j(m) = m**2 - 12*m + 15. Let i be j(11). Suppose -2*y - b = -650, i*b - 8 + 0 = 0. List the prime factors of y.
2, 3
Let z = 152 + -187. List the prime factors of 9/(-15) + (-18431)/z.
2, 263
Let d = -35313 + 69820. List the prime factors of d.
11, 3137
Suppose -255124 - 286427 = -97*v. What are the prime factors of v?
3, 1861
Suppose o + 152254 = -5*x + 532850, 0 = -3*x + 5*o + 228324. What are the prime factors of x?
2, 7, 5437
Let u = 168 - 65. Let q = u - 89. Suppose 702 = -q*s + 20*s. What are the prime factors of s?
3, 13
Let c(f) be the first derivative of 229*f**2 + f - 16. List the prime factors of c(2).
7, 131
List the prime factors of 43860/(-430)*942/(-4).
3, 17, 157
Let b = 323 - 321. List the prime factors of -185*(-3 - -4)*(-2)/b.
5, 37
Let q = -203 + 208. Suppose -q*r - 193 = -x, 5*x - 5*r - 772 = x. List the prime factors of x.
193
Suppose -3*n - y + 21632 = 0, -5*n + 20701 = 3*y - 15351. What are the prime factors of n?
7211
Let y = -9 + 33. Suppose 4*s - 5*s - y = 0. Let x = 42 + s. What are the prime factors of x?
2, 3
Let i(k) = -154*k**3 + k**2 - k + 10. Let f be i(-3). Suppose 4*b + 2*u - 3*u - 3319 = 0, 5*u = -5*b + f. What are the prime factors of b?
3, 277
Let n be 6 - ((-1)/3)/((-13)/(-39)). Let t = -17 - -239. Suppose c - t = 5*j, -n*j = -4*c - 4*j + 973. List the prime factors of c.
13, 19
Let n = 7488 + -4608. What are the prime factors of n?
2, 3, 5
Let t(a) = a**2 - 20. Let m be t(-5). Suppose -5*r - 4*w + 3085 = 0, 13*r = 10*r + m*w + 1888. List the prime factors of r.
3, 23
Suppose 0 = 3*b - 5*q - 11 - 3, -4*b = -q + 4. Let c be (-3)/(18/b)*15. Suppose t - 14 = -3*l + l, -c*t - 29 = -l. List the prime factors of l.
3
Let f(r) = -10*r**3 + r + 1. Suppose -j = -u + j - 7, -3*j - 9 = 5*u. What are the prime factors of f(u)?
2, 67
Let d(f) = -11*f**3 - 12*f**2 - 5*f + 16. Let s be d(-5). Suppose s = -18*z + 20*z. What are the prime factors of z?
2, 3, 31
Let t be (14 + -4)/((-2)/(-7)). Suppose -i = -62 - t. Suppose -5*k + 362 - i = 0. List the prime factors of k.
53
Let r = -46 + 48. Suppose -r*t - 3*j = 116 + 220, -j - 2 = 0. Let l = 248 + t. What are the prime factors of l?
83
Let v = -392 - -397. List the prime factors of (v*(-3)/(-25))/(9/18405).
3, 409
Let w(z) = 22*z**2 + 130*z + 138. What are the prime factors of w(-22)?
2, 3, 1321
Let n(d) = -23*d + 79. Suppose 34*w - 7*w = -837. What are the prime factors of n(w)?
2, 3, 11
Suppose 0 = -5*v + 2*z + 439, -z + 0*z = 2*v - 172. Suppose -86*k = -v*k + 4. Suppose k*l = 231 + 13. What are the prime factors of l?
61
Let a(w) = w**3 - 18*w**2 - 432*w - 70. Let g be a(32). Let h = 434 - 208. Suppose 0*t + t - 4*r = h, 0 = -2*t - 2*r + g. What are the prime factors of t?
2, 3, 37
Suppose -5*w - 10166 = -4*t, 5*t - 7619 = 2*t + w. Suppose -3*j = 4*u - t, 9*u = 10*u + 2. What are the prime factors of j?
3, 283
Suppose -18*t - 14*t + 11*t = -183603. What are the prime factors of t?
7, 1249
Let i(d) = 2*d**2 - 5*d - 10. Let u = 20 - -53. Let o = -65 + u. What are the prime factors of i(o)?
2, 3, 13
Let m be 1*-1 + (-9 - -13). Suppose -4*y = -2*p + 1356, 5*p - 6*y = -m*y + 3397. List the prime factors of p.
2, 5, 17
Let g = 1076 - -6043. List the prime factors of g.
3, 7, 113
What are the prime factors of 10284 - ((4 - (0 - 3)) + (-20)/4)?
2, 53, 97
Suppose 0 = k - 6*k + 10. Suppose k*c + 3 - 7 = 0. What are the prime factors of (-114)/(-3) - (c/(-2) + 0)?
3, 13
Suppose 3*q = -2*f + 499, -2*f - 4*q = 3 - 507. Suppose 60 = -u + f. What are the prime factors of u + ((-4)/(-3))/(20/30)?
2, 23
Suppose 103 = -3*q + 2*a, 0 = q - 5*q + a - 134. Let i = 30 + q. What are the prime factors of -6 - -9 - 1/(i/219)?
2, 19
Suppose 177*l + 2*v = 174*l + 125477, -5*l = -v - 209124. What are the prime factors of l?
5, 7, 239
Let k = 13332 + -6947. What are the prime factors of k?
5, 1277
Suppose -88*r + 2418611 = -206904 - 86117. List the prime factors of r.
2, 7, 31, 71
Let m(u) = 2*u**2 - 53*u - 1290. What are the prime factors of m(78)?
2, 3, 281
Suppose 120729 = -158*h + 179*h. What are the prime factors of h?
5749
What are the prime factors of ((-2)/6)/(6 - (-862981)/(-143829))?
3, 761
Let f be (-111 - -1)/((-7 - -5)*1). Suppose 108 = -53*u + f*u. Suppose t - 112 = u. What are the prime factors of t?
2, 83
Let q(c) = c**2 - c - 6. Let j be q(0). Let s(x) = -x**3 + 7*x**2 + 2*x - 8. Let n be s(6). Let m = j + n. List the prime factors of m.
2, 17
Let v = -972 - -2003. Suppose -7*k + v = -6*k. List the prime factors of k.
1031
Let s be 66/(1 + (-15)/12). Let h = -180 - s. Suppose h = -66*v + 69*v. What are the prime factors of v?
2, 7
Suppose -191 = -18*s - 155. Supp